8*d**2 - 6*d. Let t be j(h). What are the prime factors of -5*(t/(-10) + -2)?
2, 17
Let l(c) = 98*c + 96*c + 88*c + 1021 + 2*c**3 - 2*c**2 - 281*c. List the prime factors of l(0).
1021
Let x(q) = -q**2 - q + 2. Let s(a) = 16*a**2 - 2*a + 13. Let f(m) = s(m) - 4*x(m). List the prime factors of f(4).
3, 37
Let c = -16097 + 22618. List the prime factors of c.
6521
Let q(i) = -11*i - 20 + 13*i + i**2 + 7*i. Let n be q(-12). Suppose 5 + n = u. List the prime factors of u.
3, 7
Suppose -212562 - 142988 + 15650 = -25*v. List the prime factors of v.
2, 3, 11, 103
Let l = -523 + 913. Let s = l + -126. List the prime factors of s.
2, 3, 11
Let m(f) = -17*f**2 - 51*f + 93655. List the prime factors of m(0).
5, 18731
Let t(b) = b**3 + 5*b**2 - 26*b - 3. What are the prime factors of t(21)?
3, 1213
Suppose 3*s - 1521 = -3*p, -5*p + 15 - 40 = 0. Suppose -g + 4*h - s = -1773, 4*g - 5044 = 4*h. List the prime factors of g.
13, 97
Let s(z) = 10*z + 25. Let r be s(-10). Let b = r + 128. Let d = b - 32. List the prime factors of d.
3, 7
Suppose 0 = 3*j - 2*h - 26, 16 + 18 = 2*j + 2*h. List the prime factors of 27/j*232/2.
3, 29
Let h be (-2)/7 + (27/21 - 0). What are the prime factors of -1*(h + (-20)/5 - 631)?
2, 317
Let n(o) = 14*o**3 + 20*o**2 - 176*o - 183. List the prime factors of n(14).
13, 43, 71
List the prime factors of ((-9)/(-3) - 16720)/(26 + -29 + 2).
73, 229
Suppose 112*f = 122*f - 87140. What are the prime factors of f?
2, 4357
Suppose -8 = 4*s, -d - 12*s + 10*s + 19188 = 0. What are the prime factors of d?
2, 2399
Let q(c) = 29*c + 12. Let p be q(4). Suppose -r - 5*k = -p, -2*k - 329 = -3*r - 6*k. Let a = r - 71. What are the prime factors of a?
2
Suppose 10*r = 27 + 3. Let y(i) = 60*i**2 - 6*i + 11. List the prime factors of y(r).
13, 41
Suppose 4*i = 89*i - 360145. List the prime factors of i.
19, 223
Let x = 12 + -8. Suppose 18 = 4*u + 50. What are the prime factors of (-21)/x*u/3?
2, 7
Let a = 4896 - -192. List the prime factors of a.
2, 3, 53
Let g be -1 - 3*(-1 + (-408)/9). Suppose -g*j + 135*j + 3 = 0. Let t(q) = 88*q**3 + 2*q - 1. List the prime factors of t(j).
89
Let i(h) = -9 + 1754*h + 1748*h - 3502*h + h**2. List the prime factors of i(-10).
7, 13
List the prime factors of ((-2)/(-2))/((40/(-2))/(-48700)).
5, 487
Let f(l) = -611*l - 88. What are the prime factors of f(-7)?
59, 71
Let z = 324 - 128. Suppose 11*x + 3*x + z = 0. Let y(l) = -l**3 - 15*l**2 - 21*l + 10. What are the prime factors of y(x)?
2, 3
Suppose -4*b - 16 = -l, -b - 7 = 2*l + 6. Let o = l + 6. Suppose -f + 503 = o*f - 5*h, 5*f = -4*h + 900. List the prime factors of f.
2, 11
Let o(i) = i**2 - 9*i - 6. Let c be o(-3). What are the prime factors of c/(-165) + 1894/11?
2, 43
Suppose -364*x + 21368200 = 5163437 - 7672181. What are the prime factors of x?
2, 23, 31
Let l be 20/6*72/40. Let f be (l/8)/((-11)/(-88)). Let g = f + 40. List the prime factors of g.
2, 23
Suppose -3*s = 21, 2*f - 2291 = -3*s + 192. What are the prime factors of f?
2, 313
Suppose -17*h = -12*h + 15, -4*c = -2*h - 93398. What are the prime factors of c?
2, 13, 449
Let g = 29429 + -16284. What are the prime factors of g?
5, 11, 239
Let r = 143 + -129. Suppose -r*w + 60 = k - 19*w, -4*w - 64 = -k. What are the prime factors of k?
2, 5
Suppose 0*b = b + 2*i, 2*i + 8 = 0. Let y(g) = -g**2 + 11*g - 14. List the prime factors of y(b).
2, 5
Suppose 1579009 = 58*s + 638276 - 894735. List the prime factors of s.
2, 15823
Let x be (-5)/(5/18)*(-28)/(-6). Let i = x + 343. Let y = i + -144. What are the prime factors of y?
5, 23
Suppose o = 5*o - 444. Let g = o + -106. Suppose -2*n + 2*p + 590 = 96, 0 = -g*n - 4*p + 1235. List the prime factors of n.
13, 19
Let x(m) be the first derivative of 47*m**2 + 109*m - 158. What are the prime factors of x(8)?
3, 7, 41
Suppose 4*j - 1 = 2*f - 7, 2*f = -2*j + 30. What are the prime factors of 569 - (f + 20/(-4))?
563
Suppose -d = 2*b - 6*d + 10, -4*b + 5*d = 0. Suppose 5*y + b*i - 2255 = 460, 2 = -i. List the prime factors of y.
5, 109
Suppose 4*h + 30 - 10 = 0, -h = 5*b - 153845. What are the prime factors of b?
2, 5, 17, 181
List the prime factors of 1 - ((-45928)/(-6))/(((-4)/6)/1).
11483
Let x = 134 - 115. Suppose -t = 5*h - 1325, 5*h - x*t + 23*t - 1325 = 0. List the prime factors of h.
5, 53
Let p(g) = 284*g**3 + 5*g**2 - 7*g + 78. What are the prime factors of p(5)?
2, 37, 241
Let r be 4/(4*(-7)/14). Let c(n) = -710*n + 1. What are the prime factors of c(r)?
7, 29
Let p = -5519 + 26665. List the prime factors of p.
2, 97, 109
Let p be 0/(12/(-3) - -6). Suppose -2*b - 15 = -m, 3*m = -p*m + 2*b + 25. What are the prime factors of m?
5
Let c(x) = -x**2 + 8*x - 6. Let s be c(6). Suppose 0 = 5*k - d - 27, -d - 6 = 2*d. Suppose n - k = s. What are the prime factors of n?
11
Let x(g) = -17*g - 139. Let w be x(5). List the prime factors of (w/8)/(-4 + (-52)/(-14)).
2, 7
Let d(l) = l**3 + 13*l**2 - 21*l + 23. Let j = 128 + -124. Suppose 3*p = 4*w - 42, 4*p - 6*w = -j*w - 56. List the prime factors of d(p).
11
Suppose 3*t = 6 - 0, 0 = 5*m - 5*t - 27155. What are the prime factors of m?
3, 1811
Suppose -5*w + 310135 = 5*f, -2*w - f + 85200 = -38863. List the prime factors of w.
2, 13, 1193
Suppose -298265 = -5*l + 4*r, 6*l - 4*l - r - 119309 = 0. List the prime factors of l.
13, 353
Let p(m) = m**3 - 15*m**2 + 5*m - 90. List the prime factors of p(18).
2, 3
Suppose 8*o = 13*o + 2*c - 41425, 3*o + 2*c = 24851. What are the prime factors of o?
8287
Let q(n) = -4*n**3 + 31*n**2 - 57*n + 44. Let t(u) = 2*u**3 - 15*u**2 + 28*u - 22. Let m(b) = 3*q(b) + 7*t(b). What are the prime factors of m(9)?
13, 53
Let h(g) = -15553*g - 4615. What are the prime factors of h(-2)?
59, 449
Let d(r) = r**2 + 15*r - 7. Let l be d(-16). Suppose l*c = 10*c - 102. List the prime factors of c.
2, 3, 17
Suppose 154*i - 825152 = 517728. What are the prime factors of i?
2, 5, 109
Suppose -8*z = -191*z + 662863 + 1555097. What are the prime factors of z?
2, 3, 5, 101
Let h(y) be the first derivative of 6*y - 20 + 17/2*y**2 + 1/3*y**3. List the prime factors of h(5).
2, 29
Let u = -25687 + 54379. List the prime factors of u.
2, 3, 797
Suppose -25 = 5*k, -k - 50 = 5*o + 4*k. Let l be -122*o/((-15)/(-3)). Suppose 0 = 4*c - l - 334. What are the prime factors of c?
2, 3, 19
Let y(x) = -2*x**3 - 17*x**2 + 22*x + 209. What are the prime factors of y(-28)?
30169
What are the prime factors of 2/(-3) + (252462/(-18))/(-7)?
2003
Let n = 11 + -11. Suppose n*b + 4*b + 456 = 0. What are the prime factors of (-40)/12*b/5?
2, 19
Let i = 1196 - -257. Let z = i - 694. What are the prime factors of z?
3, 11, 23
Let j = 100 + -67. Let s(f) = -f**3 + 10*f**2 - 2*f + 6. Let x be s(9). Let p = j + x. List the prime factors of p.
2, 3, 17
Let c = -1099 - -253. Let r = c + 1234. What are the prime factors of r?
2, 97
Let f = 19838 + -7020. List the prime factors of f.
2, 13, 17, 29
Let d = 191 - 198. Let a(p) = -26*p - 28. List the prime factors of a(d).
2, 7, 11
Let t = 128 + -125. Suppose -1282 = -t*z + v, -4*z - 4*v + 1684 = v. List the prime factors of z.
2, 3, 71
Let z(f) = 13*f**3 + 2*f**2 - 5*f + 1. Let a(b) = -b**3 + 26*b**2 - 26*b + 47. Let g be a(25). Suppose -2*u - g = -26. List the prime factors of z(u).
103
Let y = -334 + 349. Suppose -105 = y*d - 1785. What are the prime factors of d?
2, 7
Suppose -8*l = -6*l - 8*v - 32114, -3*l - 5*v + 48222 = 0. List the prime factors of l.
16069
Let m(h) = 316*h + 84. Let g be m(-5). Let l = -1045 - g. List the prime factors of l.
11, 41
Let j(v) = v**3 + 51*v**2 + 51*v + 52. Let y be j(-50). Suppose 0 = y*c - 2*z - 2194, 4*c + 4*z + 420 - 4792 = 0. What are the prime factors of c?
3, 5, 73
Let o(k) = 4*k**3 - 4*k**2 - 377*k - 59. List the prime factors of o(19).
2, 5, 1877
Suppose -3*o = 3*r - 5*r - 222, -5*o = -2*r - 366. Let s = o + -92. Let f = s + 133. List the prime factors of f.
113
Suppose -h + 5*f - 73 = -77, 0 = -4*h - f + 16. Let r = 501 - 259. Suppose h*d - r - 117 = -5*n, -5*n + 395 = -5*d. What are the prime factors of n?
3, 5
Suppose 14*o - 15*o = -d + 3922, 5*d = 3*o + 19618. Suppose -1552 = -2*s - 5*j, s - 6*s - j = -d. What are the prime factors of s?
2, 3, 131
Let j(g) = -48*g + 22. Let r be j(4). Let t be r/4*6*(-36)/27. Suppose t = 5*d - 40. What are